, 613
List the prime factors of 7329741.
3, 53, 46099
What are the prime factors of 104204?
2, 109, 239
List the prime factors of 9559.
11, 79
What are the prime factors of 3589594?
2, 19, 94463
List the prime factors of 13089905.
5, 31, 79, 1069
List the prime factors of 281408.
2, 4397
What are the prime factors of 675417?
3, 149, 1511
List the prime factors of 40893172.
2, 23, 43, 10337
What are the prime factors of 4593155?
5, 7, 19, 6907
What are the prime factors of 3844145?
5, 59, 83, 157
What are the prime factors of 17050655?
5, 3410131
List the prime factors of 14770733.
19, 37, 21011
List the prime factors of 697387.
697387
List the prime factors of 8621118.
2, 3, 11, 43541
What are the prime factors of 4196365?
5, 17, 49369
List the prime factors of 5303818.
2, 13, 137, 1489
List the prime factors of 13370643.
3, 11, 13, 3463
What are the prime factors of 1532654?
2, 19, 53, 761
List the prime factors of 232895.
5, 13, 3583
What are the prime factors of 92277?
3, 10253
What are the prime factors of 241377?
3, 61, 1319
What are the prime factors of 175796?
2, 71, 619
What are the prime factors of 14520188?
2, 3630047
List the prime factors of 304171.
7, 19, 2287
List the prime factors of 10021415.
5, 17, 117899
What are the prime factors of 736181?
736181
What are the prime factors of 21378008?
2, 37, 72223
List the prime factors of 1540309.
1540309
List the prime factors of 25865.
5, 7, 739
What are the prime factors of 4956132?
2, 3, 23, 17957
What are the prime factors of 296353?
296353
What are the prime factors of 9457260?
2, 3, 5, 163, 967
What are the prime factors of 20800953?
3, 19, 103, 1181
What are the prime factors of 801486?
2, 3, 7, 6361
What are the prime factors of 184633?
184633
What are the prime factors of 1072738?
2, 59, 9091
What are the prime factors of 885478?
2, 11, 3659
List the prime factors of 3784481.
3784481
What are the prime factors of 4443476?
2, 127, 8747
What are the prime factors of 2349792?
2, 3, 41, 199
List the prime factors of 5754581.
7, 53, 15511
List the prime factors of 5621000.
2, 5, 7, 11, 73
What are the prime factors of 3109725?
3, 5, 17, 271
List the prime factors of 3203096.
2, 13, 19, 1621
List the prime factors of 14922710.
2, 5, 11, 135661
What are the prime factors of 8876649?
3, 193, 15331
What are the prime factors of 119641?
181, 661
List the prime factors of 540580.
2, 5, 151, 179
What are the prime factors of 57285?
3, 5, 19, 67
List the prime factors of 498582.
2, 3, 7, 1319
What are the prime factors of 1097054?
2, 7, 23, 3407
What are the prime factors of 5507856?
2, 3, 23, 1663
What are the prime factors of 5857668?
2, 3, 162713
What are the prime factors of 1763720?
2, 5, 7, 6299
What are the prime factors of 8894652?
2, 3, 13, 23, 37, 67
List the prime factors of 417354.
2, 3, 7, 19, 523
What are the prime factors of 32333487?
3, 829, 13001
What are the prime factors of 908001?
3, 233, 433
What are the prime factors of 8305805?
5, 1661161
List the prime factors of 1024189.
1024189
List the prime factors of 1412070.
2, 3, 5, 11, 389
What are the prime factors of 14315255?
5, 809, 3539
List the prime factors of 284878.
2, 11, 23, 563
What are the prime factors of 1269946?
2, 31, 20483
What are the prime factors of 7109936?
2, 107, 4153
List the prime factors of 1647372.
2, 3, 107, 1283
List the prime factors of 749915.
5, 23, 6521
What are the prime factors of 870915?
3, 5, 58061
List the prime factors of 3060996.
2, 3, 255083
List the prime factors of 2661361.
73, 36457
List the prime factors of 72425.
5, 2897
List the prime factors of 13434450.
2, 3, 5, 89563
What are the prime factors of 227954?
2, 293, 389
List the prime factors of 373326.
2, 3, 43, 1447
What are the prime factors of 143022?
2, 3, 11, 197
List the prime factors of 15970402.
2, 7, 41, 27823
What are the prime factors of 644084?
2, 7, 23003
What are the prime factors of 5740531?
1709, 3359
What are the prime factors of 31631?
47, 673
List the prime factors of 645574.
2, 83, 3889
List the prime factors of 1639063.
31, 37, 1429
What are the prime factors of 1005665?
5, 139, 1447
List the prime factors of 347889.
3, 115963
List the prime factors of 583551.
3, 21613
What are the prime factors of 388257?
3, 129419
What are the prime factors of 268628?
2, 67157
List the prime factors of 2068910.
2, 5, 19, 10889
List the prime factors of 573898.
2, 13, 22073
List the prime factors of 156609.
3, 17401
What are the prime factors of 3062746?
2, 1531373
List the prime factors of 321880.
2, 5, 13, 619
List the prime factors of 23455940.
2, 5, 1172797
What are the prime factors of 1351590?
2, 3, 5, 45053
What are the prime factors of 8016637?
8016637
What are the prime factors of 4107704?
2, 43, 11941
List the prime factors of 1083938.
2, 373, 1453
What are the prime factors of 14554947?
3, 11, 97, 4547
List the prime factors of 1915587.
3, 212843
List the prime factors of 1191604.
2, 19, 15679
List the prime factors of 19045786.
2, 61, 107, 1459
What are the prime factors of 468519?
3, 59, 2647
List the prime factors of 5245806.
2, 3, 874301
List the prime factors of 175063.
7, 89, 281
List the prime factors of 3448424.
2, 7, 19, 463
What are the prime factors of 817895?
5, 13, 12583
List the prime factors of 71402.
2, 19, 1879
List the prime factors of 5336856.
2, 3, 7, 10589
What are the prime factors of 24860648?
2, 3107581
What are the prime factors of 1576206?
2, 3, 17, 101
What are the prime factors of 2232720?
2, 3, 5, 7, 443
What are the prime factors of 2054484?
2, 3, 17, 373
What are the prime factors of 4220691?
3, 1406897
What are the prime factors of 3689437?
1609, 2293
What are the prime factors of 102793?
102793
What are the prime factors of 2988217?
239, 12503
What are the prime factors of 129503?
11, 61, 193
What are the prime factors of 805650?
2, 3, 5, 41, 131
What are the prime factors of 576975?
3, 5, 7, 157
What are the prime factors of 282779?
7, 29, 199
What are the prime factors of 724680?
2, 3, 5, 11, 61
List the prime factors of 37926.
2, 3, 7, 43
What are the prime factors of 11545829?
11545829
What are the prime factors of 721105?
5, 7, 11, 1873
List the prime factors of 1927589.
37, 59, 883
What are the prime factors of 980677?
980677
List the prime factors of 195694.
2, 97847
List the prime factors of 3407591.
11, 309781
List the prime factors of 2131058.
2, 1065529
List the prime factors of 1386971.
31, 44741
List the prime factors of 1816273.
199, 9127
What are the prime factors of 5330865?
3, 5, 277, 1283
What are the prime factors of 122531?
19, 6449
What are the prime factors of 444632?
2, 55579
List the prime factors of 313232.
2, 19577
What are the prime factors of 1790992?
2, 7, 15991
List the prime factors of 2352514.
2, 71, 16567
What are the prime factors of 590549?
163, 3623
List the prime factors of 153398.
2, 7, 10957
What are the prime factors of 4419987?
3, 11, 13, 10303
What are the prime factors of 35106?
2, 3, 5851
What are the prime factors of 5732860?
2, 5, 7, 40949
List the prime factors of 1028660.
2, 5, 19, 2707
List the prime factors of 9410022.
2, 3, 139, 3761
What are the prime factors of 1695457?
1695457
List the prime factors of 807486.
2, 3, 134581
List the prime factors of 162934.
2, 41, 1987
List the prime factors of 1130736.
2, 3, 23557
List the prime factors of 2127404.
2, 97, 5483
List the prime factors of 435896.
2, 23, 103
What are the prime factors of 1297223?
23, 56401
List the prime factors of 184545.
3, 5, 1367
List the prime factors of 698053.
698053
List the prime factors of 540830.
2, 5, 54083
List the prime factors of 849359.
7, 67, 1811
List the prime factors of 726406.
2, 263, 1381
What are the prime factors of 1082314?
2, 113, 4789
List the prime factors of 297552.
2, 3, 6199
What are the prime factors of 1398348?
2, 3, 7, 31, 179
List the prime factors of 2844051.
3, 7, 135431
What are the prime factors of 323280?
2, 3, 5, 449
List the prime factors of 1405436.
2, 351359
What are the prime factors of 4219052?
2, 137, 7699
List the prime factors of 27328.
2, 7, 61
What are the prime factors of 213995?
5, 127, 337
List the prime factors of 1704841.
1704841
List the prime factors of 14999878.
2, 7499939
What are the prime factors of 